3 - 3*q - 1 + 10637*q**2 - 10646*q**2 + 4. Suppose -5*p + 7 + 1 = -4*j, -j - 2*p = 15. Determine s(j).
-46
Let a(z) = 7*z**3 - 2*z**2 - 3*z + 2. Let b(v) = 4*v**3 - 2*v**2 - 2*v + 1. Suppose 53*j - 33*j = -100. Let c(k) = j*b(k) + 3*a(k). What is c(-4)?
-3
Let z = -3 - 0. Let m(s) be the second derivative of -s**3/6 - s**2/2 + 1849*s. Give m(z).
2
Let k(m) = -51*m**2 - m**3 - 66*m**2 - 12 - 62*m**2 - 11*m + 163*m**2 - m**3. Calculate k(-7).
-33
Let g(y) = 7*y - 3. Let z be g(-1). Let p(q) = -7*q - 2. Let m be p(1). Let v be (m - z) + -1*1. Let c(h) = -h - 1. Calculate c(v).
-1
Let k(a) be the second derivative of -2*a**3/3 - 27*a**2/2 + 1215*a - 2. Give k(-9).
9
Suppose -19*g - 62*g + 2574 = 18*g. Let r(p) = -p**2 + 28*p - 10. Calculate r(g).
42
Let a(i) = i**2 - 10. Let j(d) = 7*d - 6. Let t be j(-7). Suppose 0 = -3*v - 27*v - 1650. Let q = t - v. Give a(q).
-10
Let w = -1258 + 7549/6. Let g(a) be the third derivative of 0 - 1/60*a**5 + 0*a - 1/24*a**4 - w*a**3 + 8*a**2. Give g(-1).
-1
Suppose -18*a + 6*a = 5*k - 216, 18 = a + 4*k. Let o(m) = -m**3 + 17*m**2 + 17*m + 12. Give o(a).
-6
Let s(j) be the second derivative of 31*j + 1/2*j**2 - 5/6*j**4 + 1/3*j**3 + 0. Determine s(-1).
-11
Let w(l) = l - 4. Let g = -3 - -5. Let p be (-12)/8*g + 3*1. Suppose 2*d + 0*d = p. Calculate w(d).
-4
Let b(z) = -72*z**3 - 6*z**2 - 10*z + 1. Let j(x) = 141*x**3 + 11*x**2 + 17*x - 2. Let u(w) = 5*b(w) + 3*j(w). Determine u(-1).
-62
Let c(a) = 3*a**2 - 5*a + 4. Let n(q) = q**3 - 4*q**2 - 14*q + 14. Let s be n(6). Suppose s*i - 2 = 2. What is c(i)?
6
Let i(h) = 4*h + 5. Let m(w) = -w + 39. Let d be m(8). Suppose -152 = 13*o - 9*o. Let n = o + d. Give i(n).
-23
Let h = 122 + -118. Suppose y - 9 = h*y, g + 4*y + 7 = 0. Let n(z) = -z**3 + 4*z**2 + z. Determine n(g).
-20
Let f(y) = -y**2 + 7*y + 11. Let i(g) = -116*g - 1979. Let o be i(-17). Calculate f(o).
-87
Let w = -221 + 804. Let r = -581 + w. Let h(m) be the second derivative of -m**4/6 + m**3/2 + m. Give h(r).
-2
Let y(k) be the second derivative of -k**4/12 - 2*k**3/3 - 7*k**2 - 250*k. Calculate y(-10).
-74
Let r(i) = i**2 - i - 1. Let f(c) be the third derivative of -8/3*c**3 + 0 + 1/12*c**4 + 2*c**2 + 0*c. Let n be f(7). Calculate r(n).
5
Let y(d) be the first derivative of -d**3/3 + d**2 - 2*d - 2. Let m(f) = f**3 - 3*f**2 - 3*f. Suppose 25 - 13 = 3*b. Let w be m(b). What is y(w)?
-10
Let c = 818 + -814. Let d(t) = 124 + c*t + t - 57 - 54. Determine d(-5).
-12
Let k be (-3969)/630 - (-3)/10. Let r(j) = -j**2 - 20*j - 73. Determine r(k).
11
Let b(v) = -446*v - 270*v**2 + 119*v**2 + 134*v**2 + 447*v. Let w be 6/(-9)*3/2. Calculate b(w).
-18
Let p(g) = -3*g**2 + 37 + 2*g**2 + 121*g + 3*g**2 - 37*g - 55*g. What is p(-13)?
-2
Let b(k) = -k**3 - 11*k**2 - 9*k - 19. Let v be b(-10). Let d = v + 44. Let w(x) = -2 - d*x - x**2 + 12*x - 2*x. Calculate w(-3).
4
Let k(o) be the third derivative of o**5/60 - o**4 - o**3/2 - 38*o**2 + 2*o - 17. Determine k(17).
-122
Let p(n) = -n**3 - 6*n - 6. Suppose -2*k - 11 = -3*a, -2*k + 55*a = 51*a + 14. Calculate p(k).
1
Suppose -2*y + 4 + 2 = -3*d, -5*d = 5*y + 10. Suppose y = 2*i - 10, -4*z - 64 = -z - 2*i. Let k be z/(-21)*(-14)/(-3). Let t(s) = -s**2 + 3*s + 4. What is t(k)?
0
Let g be (-14)/(-35) + (-12)/5. Let q(j) be the first derivative of -j**3/3 + j**2/2 + 218. Calculate q(g).
-6
Let v(a) = -13*a**2 + 17*a + 12. Let o(l) = 37*l**2 - 50*l - 33. Let q(x) = -6*o(x) - 17*v(x). Suppose 4*f = -4*f + 64. Calculate q(f).
18
Let j(y) = -3*y - 3. Let r be 1 - (288/112)/((-3)/(-14)). Let i(p) = 2*p**3 + 24*p**2 + 24*p + 20. Let n be i(r). Calculate j(n).
3
Suppose 1557*y + 450 = 1527*y. Let a(r) = -r - 37. Calculate a(y).
-22
Let p(l) = 11*l**2 - 10*l - 4. Let z(r) = r**3 - 22*r**2 + 25*r - 83. Let y be z(21). Let k(s) = 2*s**2 - s - 1. Let j(u) = y*p(u) - 5*k(u). Determine j(6).
7
Let p(f) = -2*f**2 - 5*f + 16. Let o = 13801 - 13798. Determine p(o).
-17
Suppose -5*s - 2 + 22 = 0. Let l(c) be the third derivative of 1/12*c**4 + 0*c + 0 - c**3 - 56*c**2. What is l(s)?
2
Suppose -162*t - 2991 = -3315. Let q(s) = 5*s - 6. Let f(j) = 4*j - 5. Let z(y) = y**2 + 6*y + 6. Let m be z(-6). Let a(r) = m*f(r) - 5*q(r). What is a(t)?
-2
Let i(v) = -4*v - 6. Let u be 2/(56/12 + -4). What is i(u)?
-18
Let r(h) = -h**3 - h**2 + 3*h - 3. Let q(p) = -p**3 - 5*p**2 + 5*p - 5. Let u = -15 + 9. Let d be q(u). Suppose 5 = 2*s + d. Determine r(s).
-9
Let m(j) = -j**3 - 15*j**2 - j - 5. Let r(y) = -11*y**2 - 3. Let o(f) = 3*m(f) - 4*r(f). Determine o(-2).
23
Let v(f) = -4*f**2 - 8*f + 2. Let d(l) = 33*l**2 + 66*l - 16. Let u(m) = -3*d(m) - 25*v(m). Suppose -s - b - 2 + 1 = 0, -s = -3*b + 13. Determine u(s).
6
Let y(f) = 3*f**2 + 2*f + 1. Let x = -101 - -44. Let c = -55 - x. Suppose -4*l + 4*o = 4, c*l + 2*o + o = -2. Calculate y(l).
2
Let l be ((-576)/(-176))/(4/22). Suppose -l = -4*k + 3*y + 1, -3*k - 4*y + 33 = 0. Let a(p) = p**3 - 8*p**2 + 4*p - 6. Calculate a(k).
-27
Let l(y) = 3*y - 193. Let u be l(62). Let o(q) = -q**2 - 4*q + 27. Calculate o(u).
6
Let x(i) be the first derivative of i**4/12 + 7*i**3/2 + i**2/2 + 144*i + 155. Let s(h) be the second derivative of x(h). Calculate s(-10).
1
Let w(g) = g**2 - 15*g - 76. Let p be (4/11)/(137/(-1507)). Determine w(p).
0
Let d(l) = -l**2 - 5*l + 40. Suppose -11*s = -18*s + 25*s + 180. What is d(s)?
-10
Let x(h) = 4*h. Let v(w) = 8*w**2 + 75*w - 2. Let t(l) = v(l) - 5*x(l). What is t(-7)?
5
Let i(g) = -18*g**3 - 4*g + g**3 + 7*g**3 + 7*g**3 + 6 - 2*g**2 + 4*g**3. Give i(3).
3
Suppose -10*g + 549 = 529. Let j(d) = -14*d + 5. What is j(g)?
-23
Let q(v) = -v**2 + 17*v + 1. Let f be 8 + (7 + -5 - -1). Give q(f).
67
Let r be (-9 - -3)*(-350)/105. Let u(h) = h**3 - 22*h**2 + 39*h + 2. Calculate u(r).
-18
Let q(i) = 9*i**2 - i. Suppose 4*u - 196*p + 199*p = -8, 3*p + 10 = -5*u. Give q(u).
38
Let c(k) be the first derivative of 9 + 0*k**2 + 9/2*k**4 - k + 2/3*k**3. Calculate c(-1).
-17
Let u(k) = k**3 + 10*k**2 + 6*k - 13. Suppose -2*h - 7*a + 12 = -2*a, -h + 9 = 3*a. Give u(h).
14
Let i(w) = 11 - 492*w + 1 + 995*w - 496*w. What is i(-4)?
-16
Let f(k) be the second derivative of -k**5/20 + 5*k**4/2 - 28*k**3/3 - 13*k**2/2 + 4*k - 684. Calculate f(28).
-13
Let t(v) = -5*v**3 + 12*v**2 - 11*v + 19. Let p(k) = 11*k**3 - 24*k**2 + 22*k - 38. Let x(n) = 6*p(n) + 13*t(n). Suppose -482*q - 20 - 58 = -476*q. Give x(q).
-7
Suppose 14 = 5*j - 21. Suppose -3*v - 4 = 4*i, -4*i + j*v = 4*v + 28. Let s(n) be the first derivative of -3*n**2/2 - 6*n + 1017. Determine s(i).
6
Suppose -19*s + 15 - 69 - 22 = 0. Let f(n) = 3*n**2 + n. Calculate f(s).
44
Let q(m) = m**3 - 2*m - 6. Let p = 1710 + -1707. Calculate q(p).
15
Suppose -4*p + 18 = -b - 0, 0 = 5*b + 2*p - 20. Let a(q) = 6 + q - q**2 + 10*q**b + 1993*q**3 - 1 - 1992*q**3. Calculate a(-9).
-4
Suppose -15*f = -8*f - 63. Suppose 2*b - f*b = 0. Let u(v) be the first derivative of -v**2/2 + 3*v - 2. Determine u(b).
3
Suppose 3*k = 336 - 48. Suppose k*l + 320 = 101*l. Let n be 3*(l/(-12) - -5). Let x(c) = c**2. Calculate x(n).
1
Let q(m) = -4*m + m - m + 3. Let r(k) = -200*k + 45. Let h be r(-3). Suppose -653 = -4*x - h. Give q(x).
-5
Suppose 226*k = -54*k - 13 + 13. Let p(l) = 5*l + 28. Let n(x) = 6*x + 29. Let h(f) = -4*n(f) + 5*p(f). Calculate h(k).
24
Let m(r) = 4*r**2 - 3*r - 8. Let z(p) be the third derivative of -7*p**5/60 + 7*p**4/24 + 7*p**3/3 - 30*p**2. Let x(d) = -5*m(d) - 3*z(d). Determine x(5).
-7
Let s(z) = 6*z**3 - 11*z**2 + 151*z - 6. Let t(d) = d**3 - 2*d**2 + 28*d - 1. Let a(y) = -2*s(y) + 11*t(y). Determine a(5).
-94
Let b(f) be the third derivative of 0*f**3 + 1/24*f**4 + 149*f**2 + 0 - 1/60*f**5 + 0*f. Let q(a) = a**2 + 5*a - 1. Let h be q(-5). Calculate b(h).
-2
Let o(w) = -w**3 + 7*w**2 + 7135*w - 13331*w + 9 + 6193*w. Let g(f) = f + 7. Let l be g(0). What is o(l)?
-12
Let w(c) = 5*c**2 - 36*c - 4. Suppose 0 = -2*y - 5*v + 39, 57*y + 19 = 59*y + v. Determine w(y).
-11
Let p(l) = 20 + 14*l - l**2 + 2*l**2 - 3*l**2 - 11*l + 5*l. Determine p(10).
-100
Let b(m) be the third derivative of m**6/360 - 7*m**5/120 - m**4/12 + 11*m**3/3 - 6*m**2 - 2*m. Let c(z) be the first derivative of b(z). What is c(4)?
-14
Let v(s) = 6*s - 47*s**2 + 19*s**2 + 9*s**2 - 4*s**3 + 10*s**2 + 10*s**2 - 7. Determine v(2).
-23
Let k